{"id":1473,"date":"2016-03-25T09:00:34","date_gmt":"2016-03-25T09:00:34","guid":{"rendered":"http:\/\/fanfarenzug-rielasingen-arlen.de\/wordpress\/?page_id=1473"},"modified":"2025-10-17T07:12:40","modified_gmt":"2025-10-17T05:12:40","slug":"mitglied-werden","status":"publish","type":"page","link":"https:\/\/www.fanfarenzug-rielasingen-arlen.de\/wordpress\/mitglied-werden\/","title":{"rendered":"Mitglied werden"},"content":{"rendered":"<p><strong><a href=\"https:\/\/www.fanfarenzug-rielasingen-arlen.de\/wordpress\/wp-content\/uploads\/2019\/07\/FZ_Logo_Homepage.png\"><img loading=\"lazy\" decoding=\"async\" class=\"aligncenter size-full wp-image-4218\" src=\"https:\/\/www.fanfarenzug-rielasingen-arlen.de\/wordpress\/wp-content\/uploads\/2019\/07\/FZ_Logo_Homepage.png\" alt=\"\" width=\"200\" height=\"186\"><\/a><\/strong><\/p>\n<p><strong>Den Ausbildungsbeginn gestalten wir individuell, je nach Euren <span data-huuid=\"5069223277146290076\">Vorkenntnissen&#8230;.<\/span><\/strong><\/p>\n<p><strong>Wie werde ich Mitglied im Fanfarenzug ?<\/strong><\/p>\n<p>Nachfolgende Eigenschaften sollten grunds\u00e4tzlich vorhanden sein.<\/p>\n<ul>\n<li>Ihr seid mindestens 14 Jahre alt ? \/ Nach oben hin sind keine Grenzen gesetzt<\/li>\n<li>Ihr seid an traditioneller \/ moderner Fanfarenmusik interessiert ? \/ Notenkenntnis ist nicht erforderlich<\/li>\n<li>Kameradschaft, Zusammenhalt, Gruppendynamik sind dein Ding ?<\/li>\n<li>Ihr einen Verein der ganzj\u00e4hrig aktiv ist ?<\/li>\n<li>Ihr m\u00f6chtet Euch in Vereinsarbeit einbringen ?<\/li>\n<\/ul>\n<p><strong>dann bist du bei uns richtig, was bieten wir<\/strong><\/p>\n<p><strong>&nbsp;<\/strong>Instrument u. Landsknechtuniform werden gestellt<\/p>\n<ul>\n<li>In der Ausbildungszeit wird ein geringer Unkostenbeitrag erhoben hierf\u00fcr gibt es eine Grundausstattung der Freizeituniform<\/li>\n<li>Ausbildungsleiter bei Blas- u. Schlagwerk<\/li>\n<li>Ganzj\u00e4hrige Events und Aktivit\u00e4ten im In- u. Ausland<\/li>\n<li>Kameradschaft, Fun und Spass an der Musik<\/li>\n<li>Vereinsaktivit\u00e4t im Ort<\/li>\n<li>Eingebunden in offizielle Gemeindeveranstaltungen<\/li>\n<\/ul>\n<p>Ihr k\u00f6nnt jederzeit nach Absprache&nbsp; bei den Gesamtproben reinschauen und Euch ein Bild machen. Nehmt hierzu einfach kurz \u00fcber das Kontaktformular mit uns Kontakt auf. Wenn ihr Eure Handy Nr. angebt, werden wir euch auch \u00fcber WhatsApp kontaktieren.<\/p>\n<p>Schade aber wahr, nicht jeder verf\u00fcgt \u00fcber die Begabung ein Instrument zu erlernen, deshalb bieten wir Probetrainings an, in denen innerhalb k\u00fcrzester Zeit festgestellt werden kann, ob Du das Zeug zum Bl\u00e4ser oder Trommler hast. Diese Trainings sind nat\u00fcrlich kostenlos u. k\u00f6nnen nach Absprache durchgef\u00fchrt werden.<\/p>\n<p>noch Fragen ?<\/p>\n<p><a href=\"https:\/\/www.fanfarenzug-rielasingen-arlen.de\/wordpress\/kontakte\/\">dann mail mir doch einfach&#8230;.<\/a><\/p>\n<p>Tambour-Andi<\/p>\n","protected":false},"excerpt":{"rendered":"<p>Den Ausbildungsbeginn gestalten wir individuell, je nach Euren Vorkenntnissen&#8230;. Wie werde ich Mitglied im Fanfarenzug ? Nachfolgende Eigenschaften sollten grunds\u00e4tzlich vorhanden sein. Ihr seid mindestens 14 Jahre alt ? \/ <a href=\"https:\/\/www.fanfarenzug-rielasingen-arlen.de\/wordpress\/mitglied-werden\/\" class=\"more-link\">[&hellip;]<\/a><\/p>\n","protected":false},"author":2,"featured_media":0,"parent":0,"menu_order":0,"comment_status":"closed","ping_status":"closed","template":"","meta":{"_crdt_document":"","ngg_post_thumbnail":0,"Layout":"","footnotes":""},"class_list":["entry","author-tambour","post-1473","page","type-page","status-publish"],"_links":{"self":[{"href":"https:\/\/www.fanfarenzug-rielasingen-arlen.de\/wordpress\/wp-json\/wp\/v2\/pages\/1473","targetHints":{"allow":["GET"]}}],"collection":[{"href":"https:\/\/www.fanfarenzug-rielasingen-arlen.de\/wordpress\/wp-json\/wp\/v2\/pages"}],"about":[{"href":"https:\/\/www.fanfarenzug-rielasingen-arlen.de\/wordpress\/wp-json\/wp\/v2\/types\/page"}],"author":[{"embeddable":true,"href":"https:\/\/www.fanfarenzug-rielasingen-arlen.de\/wordpress\/wp-json\/wp\/v2\/users\/2"}],"replies":[{"embeddable":true,"href":"https:\/\/www.fanfarenzug-rielasingen-arlen.de\/wordpress\/wp-json\/wp\/v2\/comments?post=1473"}],"version-history":[{"count":15,"href":"https:\/\/www.fanfarenzug-rielasingen-arlen.de\/wordpress\/wp-json\/wp\/v2\/pages\/1473\/revisions"}],"predecessor-version":[{"id":5140,"href":"https:\/\/www.fanfarenzug-rielasingen-arlen.de\/wordpress\/wp-json\/wp\/v2\/pages\/1473\/revisions\/5140"}],"wp:attachment":[{"href":"https:\/\/www.fanfarenzug-rielasingen-arlen.de\/wordpress\/wp-json\/wp\/v2\/media?parent=1473"}],"curies":[{"name":"wp","href":"https:\/\/api.w.org\/{rel}","templated":true}]}}